3 + 3*q**2 - q + 2. Let m = 5 - 11. Let b(z) = z**2 + 7*z + 9. Let k(r) = 1. Let a(w) = -b(w) + 6*k(w). Let n be a(m). Calculate l(n).
-1
Let p(q) = q**2 + 3*q - 1. Let h(i) = -2*i - 25. Let w be h(-11). Let b be (-48)/(-9) - (-1)/(-3). Let s = w + b. Give p(s).
9
Let l(t) be the second derivative of -17*t**5/10 - t**4/6 - t**3/6 - 74*t. Determine l(-1).
33
Let t(k) = -4*k + 13. Let w(i) = -4*i + 14. Let z(l) = 4*t(l) - 3*w(l). What is z(4)?
-6
Let z = 37 - 33. Let w(h) = z*h - 39 + 48 - h**2 + 6*h - 4*h. Determine w(8).
-7
Suppose 7 = m + 1. Suppose -m*k + 15 = -3. Let h(y) = -y**3 + 2*y**2 - y + 2. Give h(k).
-10
Suppose -6*b + 427 = 67. Let i(l) = 2*l**2 - b*l**3 + 61*l**3 - l**2. What is i(1)?
2
Let v(n) = 55 - 27 - 27 + n. Let z be -8*4/4 - -2. What is v(z)?
-5
Let a(k) = -9*k + 15. Suppose 0 = 3*n - 2*n - 5. Let b(i) = -4*i + 7. Let l(w) = n*b(w) - 2*a(w). Determine l(6).
-7
Let y(a) be the third derivative of 0*a**5 + 1/120*a**6 + 1/2*a**3 - 1/8*a**4 + 0 + 7*a**2 + 0*a. Give y(2).
5
Suppose 26473*b - 26466*b = -49. Let j(k) = -5*k**2 - 8*k - 13. Let o(a) = 14*a**2 + 24*a + 38. Let v(r) = 11*j(r) + 4*o(r). What is v(b)?
2
Let g(k) = 6*k**3 - k**2 - 2*k - 1. Let x = -42 + 27. Let l(z) = z**2 + 14*z - 16. Let t be l(x). What is g(t)?
-6
Suppose 0 = -6*i - 65 + 107. Let m(u) = u**2 - 8*u + 9. Give m(i).
2
Let g(n) = -n**2 + 3*n - 4. Let i = 38 + -33. Suppose -23 = -5*a - 3*m + 7*m, i*m - 2 = -4*a. Give g(a).
-4
Suppose 0 = -2*i + 3*i - 5*w - 3, 2*i + 2 = 2*w. Let r(a) be the second derivative of 4*a**3/3 + 3*a**2/2 - 6*a. Calculate r(i).
-13
Let a(n) = n**3 + 6*n**2 - 6*n - 10. Suppose 7*g - 25 = -74. What is a(g)?
-17
Let l(v) be the third derivative of -v**5/60 + 3*v**4/8 + 5*v**3/6 - 63*v**2 + 5. Give l(7).
19
Let w(a) = 13*a**2 - 9*a + 41. Let g(h) be the first derivative of h**3 - h**2 + 10*h - 9. Let r(j) = 9*g(j) - 2*w(j). What is r(0)?
8
Let n(h) = h**3 + 6*h**2 + h - 3. Let w = 10 - 6. Let l be 18/w*(4 + 32/(-6)). Give n(l).
-9
Let b = -5 - -8. Let p be 2/6 - 1/b. Let d(k) = -k + 0*k**2 - k**2 + p*k**2 + 2*k**2. Calculate d(2).
2
Let b(p) = 4*p - 9. Let t be b(4). Suppose 3*k - t*k = -24. Suppose -f + z - k = 0, 33 = 4*f + 5*z + 12. Let c(q) = -q**2 + 2*q + 1. What is c(f)?
-2
Let l(j) = -5*j + 2. Let q = 195 - 190. Determine l(q).
-23
Let a(j) = -j**3 + 13*j**2 + 12*j + 20. Let l be 5 + (-156)/182*(-21)/2. Determine a(l).
-8
Suppose -81 + 16 = -5*n. Let l(z) = n*z + 2*z**2 - z**3 - 7*z**2 - 17*z. What is l(-3)?
-6
Let a be (2 - -1)/9*9. Let y(j) = 4*j**2 - a*j**2 - 2 - 6*j + 2*j - j. Let c be y(6). Let k(g) = 4*g - 6. Calculate k(c).
10
Let o(w) = -10 + 1 - 15*w - 3 + w**2 + 36 + 11. Determine o(9).
-19
Let r be ((-26)/4)/(15/(-30)). Let b(j) = j**3 - 14*j**2 + 12*j + 16. Let n be b(r). Suppose -m - 8 + n = 0. Let a(x) = 2*x - 3. What is a(m)?
-13
Let l be (-16)/(-6)*(-9)/(-12). Let u = 1 + l. Suppose 2*w - 9 = -u*b - 35, 5*w + 14 = b. Let o(c) = c**3 + 5*c**2 - 7*c - 4. Calculate o(b).
2
Let p(j) be the first derivative of -j**2 + 4*j - 229. Calculate p(13).
-22
Let u(b) = -5*b - 11. Let r(p) = 2*p + 4. Let o(q) = 11*r(q) + 4*u(q). Suppose 151 = 97*w - 140. What is o(w)?
6
Let f = -61 - -65. Let a be (2 + (-12)/8)*f. Let n(x) = -x**3 + 3*x**2 - 3*x + 2. Give n(a).
0
Let m(i) = 3*i**3 - 6*i**2 - 3*i + 8. Let y(u) = -2*u**3 + 6*u**2 + 2*u - 8. Let d(l) = -3*m(l) - 4*y(l). Let j be d(-6). Let w(a) = a**2 + a - 2. What is w(j)?
4
Let j(q) = -q**2 - 4*q + 8. Suppose 112*k + 135 = 97*k. Calculate j(k).
-37
Suppose -4*p = 5 + 11, p = 3*g + 5. Let c = g - -5. Let f(h) = -3 - 4 - c + h. Give f(4).
-5
Let p(l) = -26 - 30 + 5*l**2 - l**3 - 4*l + 49. Determine p(4).
-7
Suppose -3*o + 0 + 6 = 0. Let c be 2 - 1/o*-2. Suppose -n - c = -7. Let b(a) = -a**2 + 3*a + 4. What is b(n)?
0
Let c(l) be the second derivative of -l**3/6 + 9*l**2 - 411*l. Give c(16).
2
Suppose -5*x - 36 = -4*a, 4*a = x - 5 + 25. Let c(h) = -h**2 + 5*h - 4. Let r(b) = -2*b**2 + 11*b - 8. Let z(m) = 7*c(m) - 3*r(m). Calculate z(a).
-12
Suppose 9*t - 8*t - 3 = 0. Suppose 2*o - 36 = 10. Suppose 5*d = -5*y - 25, 4*d + o - 5 = -t*y. Let u(z) = z - 1. Calculate u(d).
-4
Suppose 3*o - w = 26, o + 14 = 2*o + w. Let c be 6*2/(-4) - -13. Let v be ((-8)/c)/(o/(-100)). Let f(g) = -g + 8. Calculate f(v).
0
Let o(k) = -k + 1. Let y(b) = b**2 + 7*b + 1. Let d(s) = -6*o(s) - y(s). Determine d(0).
-7
Let r(v) = -2*v + 3. Let a be r(4). Let s(t) be the first derivative of -t**4/4 - 4*t**3/3 + t**2 - 5*t + 255. Give s(a).
10
Let g be 3/(-8) + (-86)/(-16). Let a(p) = 0 + g*p**2 - 5 - p + 3 - 6*p**2. Give a(-2).
-4
Let r(j) = j**3 - 3*j**2 - 2*j. Let f = -28 + 70. Let y be f/(-63) - 11/(-3). Determine r(y).
-6
Let z be (31/(-62))/((-6)/(-4))*-12. Let q(d) be the second derivative of -1/6*d**3 + 5*d - 1/20*d**5 + 0 - 1/12*d**z + 0*d**2. Give q(-2).
6
Let t(j) = -j - 8. Suppose 4*u + 27 = 3. Let c be 2 - (-2)/(u/(-15)). Let f = 1 - c. Calculate t(f).
-2
Let z(o) be the second derivative of o**4/12 + 3*o**3/2 + 3*o**2 - 2*o + 187. Calculate z(-7).
-8
Let d = 27 + -24. Let a(g) = 3 - g + 5*g + 2*g**2 - 3*g - d*g + g**3. Determine a(-3).
0
Suppose -10 = -2*d + d. Let p(r) = 3 - d*r - 1 + 11*r. Suppose -2*w = 8, x - w = 7 - 0. Calculate p(x).
5
Let n(q) be the second derivative of -1/3*q**3 - 37*q + 0 - 5*q**2. Determine n(-7).
4
Suppose -2*q + 4*o = 5*o + 15, 0 = q + 4*o + 25. Let u(g) = 1 + 0*g + 6*g**2 + g + 5*g + g**3. Give u(q).
-4
Let b(h) = -3 - 3*h - 5 + 3*h + h + 3. Calculate b(9).
4
Let h(i) = -4*i**3 - i**2 - 3*i - 2. Let f be h(-1). Let d be 1*(2 - (1 + -1)). Let y(v) = v**3 - 5*v + v**d - 4*v**2 - 3 - v**3 + v**3. Calculate y(f).
-7
Let s(q) = q**3 + 5*q**2 - 3*q - 4. Let v(m) be the second derivative of -m**5/20 - m**4/12 + m**3/6 + m**2/2 - 23*m. Let z(l) = -s(l) - 5*v(l). What is z(-1)?
-3
Let t be -11 - (2 - -3)*1. Let z(j) = j**3 + 17*j**2 + 16*j + 5. What is z(t)?
5
Let i be 4/22 - 10*(-6)/33. Let v(z) = -3 - 3*z**2 + i*z**2 + 4. Give v(2).
-3
Let z(i) = 4*i + 13. Let m be -5 - (-12 + 22 - 9). Determine z(m).
-11
Let b be ((-36)/(-15))/(40/(-100)). Let g(u) = -4*u + 2. What is g(b)?
26
Let g(k) = 51 - 10*k - 53 + 6. Determine g(-1).
14
Suppose -5*d = p - 2, 5*d - 26 = 2*p - 0*d. Let s = p + 10. Let m(x) = -7*x**s - 8*x - 2 + 1 + 6*x**2. What is m(-6)?
11
Let r(u) = -10*u**3 + 2*u**2 - u. Let c be ((3 - 6) + 1)/(-1). Suppose -3 = 5*w + c. Let f(n) = -n**3 - n - 1. Let l be f(w). Give r(l).
-9
Let u(o) = o**3 + 6*o**2 + o - 1. Let g be -6 + (245/(-7))/(-7). Suppose -7*h = -2*h + 20. Let k be h - (g - 3)/(-2). What is u(k)?
-7
Suppose f = -3*f + 5*g + 49, 4*f + 1 = -5*g. Let q(n) = -2*n**2 + 2*n + 2. Let x(y) = 7*y**2 - 6*y - 1. Let m(s) = -4*q(s) - x(s). Determine m(f).
17
Let c(k) = -k**2 - 2*k - 6. Let r(p) = -p + 37. Let l be r(13). Suppose 6*o = -0*o - l. Give c(o).
-14
Let b(o) = -4*o + 11. Let i be (18/27)/((-4)/(-12)). What is b(i)?
3
Let f(j) = j**2 + 7*j - 10. Suppose 4*w - 290 = -318. Calculate f(w).
-10
Let p be (0 + 2)*(-3)/(-2). Suppose p*h + 8 = -h. Let z(r) be the first derivative of -r**4/4 - r**3 - 3*r**2/2 - 3*r + 3. Calculate z(h).
-1
Suppose -5*i = -2*q + 4*q - 12, 2*i = 2*q - 26. Let r(t) = -3 - 6*t**2 + q*t**2 + 0 - 4*t**2. Calculate r(0).
-3
Let d(m) = -m**3 + 3*m**2 + 4*m + 4. Suppose -3*v + 21 = 9. Calculate d(v).
4
Let t(g) be the third derivative of g**5/60 - g**4/12 + g**3/2 - 2*g**2. Suppose 2*y - 8 = -0*y - 5*n, 5*y - 4*n = 20. What is t(y)?
11
Let i be 12*(1 + 0)*1. Suppose -14*q + 16 = -i*q. Suppose -4 = -4*t - q. Let m(h) = -2*h**3 - h**2 + 1. Calculate m(t).
2
Let p(v) be the second derivative of 1/12*v**4 + 1/2*v**2 - 1/6*v**3 + 0 - 35*v. What is p(1)?
1
Let k(z) = -27*z**2 + z - 58. Let j(i) = 7*i**2 + 15. Let o(n) = -23*j(n) - 6*k(n). What is o(9)?
30
Let u(z) = -z**3 - 6*z**2 - z + 5. Let t be 11/2 - 2/(-4). Let f(a) be the first derivative of -a**2 + 7*a + 94. Let c be f(t). What is u(c)?
-15
Let h(r) = r + 4. Let x be ((8/6)/4)/(8/120). Let a be ((-6 - 0) + x)*0/2. Determine h(a).
4
Let y(p) = 7*p**2 + 4*p - 8. Let l(r) = -6*r**2 - 4*r + 7. Let s(k) = 3*k + 9. Let t be s(-5). Let i(q) = t*l(q) - 5*y(q). Determine i(-4).
-2
Let o(n) = -75*n. Let s be o(-1). Suppose -6*g + s = -g. Let q(h) = g + h - 2*h - 6. Determine q(5).
4
Let h(z) = 4*z 